 - 7*c - 2. Determine y(p).
10
Let d(i) = i**3 - 8*i**2 + 6*i + 6. Let u be 0/5*(-1)/2. Suppose 0 = -5*t - 15, 1 = -h + 2*t + 14. Suppose -h = -s - u*s. Determine d(s).
-1
Let m be 148/(-12) + (-12)/(-9). Let r = m - -16. Let g(q) = 2*q - 4. Calculate g(r).
6
Suppose -g + 3*x = 4, 14 = g + 5*x - 6. Let d(w) = -5*w**2 + 5*w - 9. Let u(o) = 6*o**2 - 4*o + 9. Let v(b) = g*d(b) + 4*u(b). Determine v(8).
-1
Let x(y) = 3 + 7 - 4 + 18*y**2 - y - 5. Calculate x(1).
18
Let v(a) = -2*a**2 - 22*a + 3. Let r be v(-11). Let j(p) = 3*p**2 + p - 1. Let l(z) = 4*z**2 - 1. Let u(h) = r*j(h) - 2*l(h). What is u(-4)?
3
Suppose 30 = 277*p - 272*p. Let t(y) = y**3 - 5*y**2 - 4*y - 3. Calculate t(p).
9
Let j be (-45)/75 - 654/10. Let o = j - -65. Let p(x) = 16*x. Give p(o).
-16
Let d(h) be the third derivative of 0*h + 0 - h**2 + 1/60*h**5 - 1/3*h**3 + 1/4*h**4. Let p(c) = 54*c + 48. Let l be p(-1). Determine d(l).
-2
Let z(r) be the third derivative of -r**5/60 - 7*r**4/12 + 3*r**3 - 152*r**2. Determine z(-16).
-14
Let v(f) = 9*f**3 - 17*f**2 + 8*f - 3. Let u(r) = 5*r**3 - 9*r**2 + 4*r - 1. Let t(i) = -7*u(i) + 4*v(i). Give t(4).
-5
Suppose -6103*d = -6095*d + 48. Let q(v) = -v**3 - 6*v**2 + 2*v - 4. Determine q(d).
-16
Let r(y) be the second derivative of y**3 - 6*y**2 + 105*y + 1. What is r(4)?
12
Let j(q) = -174*q**2 - 198*q**2 + 371*q**2 + 1. Let b = -5 + 9. Calculate j(b).
-15
Let l(v) = -8*v**3 - 47*v**2 + 8*v + 9. Let j be l(-6). Let o(u) = -u**3 - 2*u**2 + 3*u - 1. Give o(j).
-1
Let z(r) = -55 + 18 + 17 + 17 - 5*r + 0*r**2 - 3*r**2. Determine z(-3).
-15
Let y be (-1)/8 + 7406/112. Suppose -18 + y = -12*j. Let u(g) be the second derivative of g**5/20 + g**4/3 - g**3/2 + g**2/2 + g. What is u(j)?
13
Let p(h) = 2*h + 3. Let l(t) = -4*t**3 - 34*t**2 - 4*t - 25. Let z(i) = -3*i**3 - 23*i**2 - 3*i - 17. Let f(c) = 5*l(c) - 7*z(c). Let k be f(9). What is p(k)?
9
Let q be 254/9 + 0 + 10/(-45). Let l = q - 23. Let u(h) = h - 5. Calculate u(l).
0
Let p(k) = 65*k + 7 - 70*k + 5*k**3 - 3*k**3 - 9*k**2. Let l be p(5). Let n(y) = y**3 - 7*y**2 + y + 3. Calculate n(l).
10
Let g(m) be the third derivative of 19*m**5/30 - m**3/6 - 145*m**2. Determine g(-1).
37
Let x(y) = 4*y**3 - 2*y**2 - y. Suppose -6*q + 70 = 16. Suppose 5*d - 4 = q*d. What is x(d)?
-5
Let z(n) = -2*n**3 - 10*n**2 - 6*n + 2. Let m(j) = 3*j**3 + 19*j**2 + 13*j - 3. Let r(a) = -3*m(a) - 5*z(a). Give r(8).
-9
Let i(x) = -1 - 9 + 2*x + 5. Suppose y + 3*y = 20. Determine i(y).
5
Let z(q) = -q**3 - 7*q**2 - 5*q - 2. Let h = 98 + -62. Let n = 30 - h. Give z(n).
-8
Suppose 11 = -d + 5*y, -9 = -3*y - 3. Let b(f) = 2*f - 1. Give b(d).
-3
Let d(h) = h**2 - 2*h - 2. Suppose 5*s = -2*k + 8, -4*s + 5*k = -6 - 7. Let y be d(s). Let t(u) = -u**2 - 4*u - 3. Calculate t(y).
1
Let u(p) = p**3 - 23*p**2 - 28*p + 1099. Let n be u(22). Let g(i) be the third derivative of i**6/12 + i**5/30 + i**4/12 + i**3/6 - i**2. Determine g(n).
-9
Let g(r) = r**3 - 74 + 31*r - 8*r**2 - 90 + 152 - 34*r + 2*r**2. Give g(7).
16
Let c(s) = -1. Let q(n) = 2*n**2 + n - 9. Let u(z) = z**2 - 4. Let b(x) = 4*q(x) - 9*u(x). Let w(h) = b(h) - 3*c(h). What is w(6)?
-9
Let v(b) = -b**3 + 3*b**2 + 10*b - 18. Let j be v(4). Let k(w) = 5*w + 15. Let z(r) = -r. Let t(g) = j*z(g) + k(g). What is t(8)?
7
Let c(j) = -j**2 - 4*j + 2. Suppose 3 + 7 = -5*q. Let b be 0/(-22) - (-10)/q. What is c(b)?
-3
Suppose -b - 15 = -4*q + 1, 0 = b + q - 9. Let h(f) = 4*f. What is h(b)?
16
Suppose -147 = -2*f - 3*g, 5*g = 8*f - 6*f - 107. Let c be (2/(-2))/(11/f). Let u(k) = k**2 + 5*k - 5. Let w be u(c). Let t(j) = -2*j + 1. Give t(w).
-1
Let a be 2/(-11) + 477/(-583). Let f(s) = -14*s**2 + 2*s + 1. What is f(a)?
-15
Let g(d) = 3*d. Let y = -792 + 792. Calculate g(y).
0
Let i(z) = -z**2 - 14*z - 16. Let c(d) = 3*d**3 + 2*d**2 - 4*d - 6. Let v be c(-2). Calculate i(v).
-16
Let v(d) be the second derivative of -d**3/6 - d**2 + 67*d - 2. Give v(-5).
3
Let y(s) be the third derivative of -s**5/12 - s**4/12 + s**3/6 + 52*s**2 - 1. Calculate y(1).
-6
Suppose 15 = -4*p + p. Let x(u) be the third derivative of u**6/120 + u**5/12 - u**4/24 + u**3 - 11*u**2. Calculate x(p).
11
Let n = 29 + -29. Let r(p) be the third derivative of 0*p + n - 5/3*p**3 + 1/24*p**4 - 3*p**2. Determine r(0).
-10
Suppose 2*d + 8 = -3*d - 2*t, -5*d + 2*t + 8 = 0. Let u(j) be the third derivative of j**5/60 - j**4/24 - 13*j**3/6 + 25*j**2 - 2*j. Determine u(d).
-13
Let h(v) = -41*v + 22*v + 28*v - 11*v. Determine h(3).
-6
Let d(b) = -b + 3. Suppose -15 = -2*z - 5*g, 3*g + 0 - 18 = -3*z. Suppose -z = -k + 2*m + 7, -8 = -3*k - m. Give d(k).
-1
Let l(t) = -t**2 + 9*t + 110. Let j be l(-7). Let i(q) = 4*q**3 + 2*q**2 - 3*q - 2. What is i(j)?
-20
Let z(u) = -12*u**3 - 2*u**2 - 17*u + 4. Let a(s) = -6*s**3 - s**2 - 8*s + 2. Let i(t) = 13*a(t) - 6*z(t). Calculate i(1).
-7
Suppose 3*g + 3*h = g + 1, 3*g + 5*h = 1. Let m(z) = -7*z**g + 4*z**2 - 2 - 6*z + 3*z + z. Determine m(-2).
-10
Suppose -5*c + 18 = -0*a - 2*a, -2*a - 2 = -c. Let r(i) = -3*i**2 + 5*i - 5. What is r(c)?
-33
Let u(q) = -6*q**3 - 64*q**2 + q - 8. Let d(m) = m**3 + 12*m**2 - m + 1. Let r(g) = -5*d(g) - u(g). Suppose -3*c - 4*o = -11, 3*c + 5*o + 3 - 19 = 0. Give r(c).
0
Suppose -3*u = -7*u + 24. Let z(v) = -3*v**3 + 29*v**2 - 11*v + 29. Let f(l) = -l**3 + 10*l**2 - 4*l + 10. Let b(x) = 11*f(x) - 4*z(x). What is b(u)?
-6
Suppose 0 = 46*k + 6*k. Let o(j) be the second derivative of j + k - 2/3*j**3 - 5/2*j**2 + 1/12*j**4. Calculate o(4).
-5
Let z(k) = 8*k + 3. Let i be z(4). Suppose 0 = s + 6*s - i. Let v(l) = l**3 - 5*l**2 + l - 7. Calculate v(s).
-2
Suppose -6*x - 15 = -j - 9*x, -x = -j - 5. Let q = 17 + -11. Let l(m) = -2 + j - q - m. Give l(0).
-8
Let c = -397 + 403. Let t(y) be the third derivative of 1/2*y**3 + 1/24*y**4 + 5*y**2 + 1/120*y**c + 0 + 0*y + 1/20*y**5. Give t(-3).
0
Let p(y) = y**2 + 10*y - 6. Suppose 220 = -8*s - 14*s. Determine p(s).
-6
Let j(q) = 60*q + 25. Let f(u) be the first derivative of -5*u**2/2 - 2*u + 15. Let t(p) = 50*f(p) + 4*j(p). Determine t(2).
-20
Let k(m) = m**2 - m + 1. Let c(g) = 5*g**2 - 12*g + 7. Let h(p) = c(p) - 6*k(p). Let q(l) = 7*l**3 + l. Let w be q(1). Let x be (w/6)/((-3)/9). Give h(x).
9
Let g(i) = -9*i**3 - 18*i**2 - 5*i + 33. Suppose -6*r + 3*r + 9 = 0. Let z(x) = 4*x**3 + 9*x**2 + 2*x - 16. Let q(v) = r*g(v) + 7*z(v). Give q(-9).
-4
Let o(p) = -40*p**2 + 15*p**2 + 3*p + 22*p**2 - 15*p + 4 + 3. Calculate o(-5).
-8
Let u(d) = 8*d - 58*d + 47*d - 1 + 5*d. Suppose 5 = 2*i + i + n, 0 = -3*i - 3*n + 9. Determine u(i).
1
Let o(s) = s**3 + 3*s**2 - 5*s - 2. Let m be o(-4). Let y(w) = 20347*w**3 + 2*w**2 - 4 + 6 - 20348*w**3 - 4*w. Determine y(m).
-6
Let i(h) = h**2 - 8*h - 8. Suppose -12*t - 62 = -10*t. Let z = t + 39. Calculate i(z).
-8
Let a = -24 - -30. Suppose d - 5*x + 85 = a*d, 5*d + 3*x = 91. Suppose -7*t + 2*t = d. Let z(l) = -3*l - 1. What is z(t)?
11
Suppose -4*l + 4 = -5*q - 9, 3*l - 5*q = 11. Let r(o) = l*o + 0*o + 1 + 10*o. Determine r(-2).
-23
Let w be (-6)/4 + (-91)/(-26). Let i(f) = -1 - 5 + 3*f**3 + 5 + f**w. What is i(-1)?
-3
Let o(v) be the second derivative of -v**4/6 + 5*v**3/6 + 7*v**2/2 + v - 64. Calculate o(5).
-18
Let w(j) = 5*j**3 - 8*j**2 - 2*j + 8. Let s = 78 - 74. Let k(i) = 4*i**3 - 7*i**2 - 3*i + 7. Let d(y) = s*k(y) - 3*w(y). Give d(5).
-1
Let h(i) be the third derivative of -i**6/120 - i**5/30 + 7*i**4/24 + i**3/2 + 264*i**2. Give h(-4).
7
Suppose 0*s + 2*s = -12. Let r(v) = v + 55*v**2 - 1 - 1 + 7*v - 25*v**2 - 29*v**2. Calculate r(s).
-14
Let i(g) = -g**2 - 10*g + 4. Let b be i(-10). Suppose b*x = -1 + 5. Let h(d) = -2*d**2 + d - 1. Calculate h(x).
-2
Let l = -35 - -43. Let x(n) = -2*n - 8. Give x(l).
-24
Suppose -3*u - 47 = -29. Let x(z) = -z - 2. Give x(u).
4
Let d(l) be the third derivative of l**7/1680 - l**6/720 + l**5/5 - 12*l**2. Let q(o) be the third derivative of d(o). Give q(1).
2
Suppose -2*f + 7 = 5*m - 2, 0 = -5*f - 5*m + 15. Let b(c) be the third derivative of -c**5/60 + c**4/12 - c**3/6 + 17*c**2. Calculate b(f).
-1
Let q be (0/(-16))/(1*-1). Let p be (2 - q)/((-8)/68). Let a = -24 - p. Let k(i) = i**3 + 7*i**2 - i - 8. Determine k(a).
-1
Let j(i) = 5*i + 7. Let y(h) = -3*h - 6. Let b(u) = -4*j(u) - 5*y(u). Determine b(6).
-28
Suppose -3*a + 4*c - 50 = 2*